2*j - 7*j = c. What are the prime factors of (z/10)/(2/25)?
3, 5
Let x(b) = 14*b**3 + 2*b**2 + 7*b + 3. List the prime factors of x(4).
7, 137
Suppose 0 = -13*x + 9*x - 5*y - 36, -5*x + 4*y - 45 = 0. Suppose 64 = -2*l - 24. Let c = x - l. List the prime factors of c.
5, 7
Let c be 30/9*(-9)/(-6). Suppose o - 42 = -4*n, -5*o - 21 = -c*n + 19. What are the prime factors of 1 - 21*n/(-15)?
3, 5
Let i(g) be the second derivative of -g**5/20 + 7*g**4/6 + 10*g**3/3 - 27*g**2/2 + 35*g. List the prime factors of i(14).
11, 23
Suppose -8*a + 13 = -27. Suppose -294 = -a*t - 0*o + 3*o, 292 = 5*t - 4*o. What are the prime factors of t?
2, 3, 5
Suppose -19*l + 21*l - 24 = 0. List the prime factors of l/5*100/10.
2, 3
Suppose -67*f + 62*f = -5660. What are the prime factors of f*((-5)/12 - 14/(-21))?
283
Let p(g) be the third derivative of g**5/60 - g**4/6 - 2*g**3 - 10*g**2. What are the prime factors of p(-5)?
3, 11
Let s(u) = u**2 + 5. Let z be s(0). Let t = 38 - z. What are the prime factors of t?
3, 11
Let l = 903 + -500. List the prime factors of l.
13, 31
Suppose m - 10 = -2. Suppose -6*r - 84 = -m*r. List the prime factors of r.
2, 3, 7
Let v(w) = w**2 + w - 11. Let o(y) = y - 11. Let s be o(12). Let i(c) = -4*c**2 - 1. Let p be i(s). List the prime factors of v(p).
3
Suppose 0*t = 9*t - 7*t. Suppose 1110 = 5*l - 5*k, 3*l + t*k + 3*k - 642 = 0. What are the prime factors of l?
2, 109
Let d(y) = y**3 + 21*y**2 + 6*y - 6. List the prime factors of d(-20).
2, 137
Suppose 39*h = 28*h + 5841. What are the prime factors of h?
3, 59
Suppose 10*i - 8*i = 660. Let y = i - 167. What are the prime factors of y?
163
Suppose 0 = -2*d + 4*d - 130. Let i = d - -174. What are the prime factors of i?
239
Let v(k) = 31*k + 159. Let o be v(-5). Let p(n) = 8*n + 7. Let s be p(6). Suppose s = o*m - 129. List the prime factors of m.
2, 23
Let u be (14/(-6))/(8/96). Let n be (u/21)/(4/6). List the prime factors of (n - (-1)/5)*-15.
3
Let k be (-3 - (-15)/5)/((-1)/(-1)). Suppose -3*w + i = -k*i - 221, 0 = -w + 5*i + 55. List the prime factors of w.
3, 5
Let s(c) = 7*c - 29. Let h be 10/1*9/6. What are the prime factors of s(h)?
2, 19
Suppose 9*b - 12*b + 12 = 0. Suppose 0 = b*k - 115 - 221. List the prime factors of k.
2, 3, 7
Suppose -3*o + 4 = 19, -2*z - 3*o + 37 = 0. Suppose -4*d + z = 6. List the prime factors of d.
5
Let b(h) = -h**2 + 5*h + 12. Let u be 84/49*(-14)/(-4). Let p be b(u). What are the prime factors of 0 + -134*(-3)/p?
67
What are the prime factors of (-4014)/(-4) - (27/(-6) + 5)?
17, 59
Let j(o) = 3*o - 43. Let t be j(21). List the prime factors of 3 - (-4952)/t - (-18)/(-30).
2, 5
Suppose -4*p + 108 = 3*m, m + 5*p = -0*p + 36. Suppose -g - w = -0*w - 8, 0 = 5*g + w - m. What are the prime factors of g?
7
Suppose 0*s + 3*s = 129. What are the prime factors of -2*s/(-2)*1?
43
Let a be (-1 + 3)*(1 + 0). Let l be (-33)/(-44) - a/(-8). What are the prime factors of (-35)/(-10)*(17 + l)?
3, 7
Let d = 15 - 8. Suppose -4*z = -d + 15. List the prime factors of (z/5)/(2/(-150)).
2, 3, 5
Let r(d) = -d**3 - 7*d**2 - 13*d - 3. Let x be r(-3). Let g(v) = -2*v + 8*v**2 + 45 + 0*v - 7*v**2. List the prime factors of g(x).
3, 5
Let z(o) = 6*o**2 + 1. Let r be z(4). Let a = -162 + r. Let u = 98 + a. What are the prime factors of u?
3, 11
Suppose -62883 = -17*j + 16932. What are the prime factors of j?
3, 5, 313
Suppose 37*m - 53*m = -27008. List the prime factors of m.
2, 211
Suppose -8*y = -5*y - 534. Suppose -y = -l - l. Suppose 4*u = 3 + l. List the prime factors of u.
23
Suppose u - 39 = 5. Let a = 76 + u. Suppose -i + 5*i = a. List the prime factors of i.
2, 3, 5
Let z = 1043 + 618. List the prime factors of z.
11, 151
Let w be 8 - 8 - 2/(-1). Suppose -3*i = w*i. Suppose -5*s + 130 = -i*s. What are the prime factors of s?
2, 13
Suppose -8 = -3*t + 1. Suppose -4 = -t*i - 4*v, 0*v - 4*v + 4 = -i. List the prime factors of i + 3 + 19 - -1.
23
Let c be 348/84 - 1/7. Suppose -643 = -c*m - 95. List the prime factors of m.
137
Let t(h) = 22*h**2 - 49*h + 440. List the prime factors of t(11).
11, 233
Suppose -2573 = -3*f + 4285. What are the prime factors of f?
2, 3, 127
List the prime factors of 8/48 + 31019/6.
2, 5, 11, 47
Let l = 0 + -40. Let v be (-6)/(-10) + (-96)/l. Suppose v*a - 3 = -0*a, -b + 4*a = -39. List the prime factors of b.
43
Let j = 838 + -102. What are the prime factors of j?
2, 23
Let l be (2 - 6)/(1/1). Let c = l + 4. Suppose -2*n + 2 + 58 = c. List the prime factors of n.
2, 3, 5
Suppose 0 = 12*r - 31788 - 21720. What are the prime factors of r?
7, 13
Let v(f) = -f**2 - 10*f - 11. Let s = -6 - -6. Let c = -7 + s. List the prime factors of v(c).
2, 5
Suppose -4*o - 20 = 0, 23 = 2*y + 3*o - 2*o. Let m = -15 + 25. Let j = m + y. List the prime factors of j.
2, 3
Suppose g - 4 = j, -4*g - 5 = 3*j - 35. Suppose 71 = g*h - 55. List the prime factors of h.
3, 7
Let n(j) = j**3 + 9*j**2 - 24*j - 5. Let g be n(-11). Let u(v) = -v**3 + 18*v**2 - 12*v - 42. List the prime factors of u(g).
43
Let c = 29 - 27. Let i = 5 - c. List the prime factors of i.
3
Let x(m) be the second derivative of 83*m**5/20 - m**4/12 - m**2/2 - 15*m. What are the prime factors of x(1)?
3
Suppose 3*p = -277 + 1069. Suppose a - p = 3*a. List the prime factors of a/18*(-9)/2.
3, 11
Let f(m) = -m**3 + 8*m**2 - 8*m + 7. Let w be f(7). Suppose w = -5*a + 3*a + 78. List the prime factors of 98/3*a/26.
7
Let l(w) = -w**3 + 17*w**2 + 20*w - 23. Let i(r) be the third derivative of r**4/12 - 8*r**3/3 + 5*r**2. Let s be i(17). What are the prime factors of l(s)?
13
Suppose 3*z + 5*p = 95, 0 = 3*p - 3. Let n = z - 26. Suppose n*r - 96 = 188. List the prime factors of r.
71
Suppose -3*i + 12 = 3*a, 11 - 37 = -5*a + i. Suppose 2*f + 2*s - 91 = -7, 0 = -2*f - a*s + 96. List the prime factors of f.
2, 19
Let n(i) = -i**3 - 6*i**2 + 20. Let s be n(-5). List the prime factors of 4/s - 304/(-5).
2, 3, 5
Suppose 3 = -3*x, 2*y + 737 = 4*y + x. Let c = y - 235. List the prime factors of c.
2, 67
Let r be (-1)/((-2)/6)*1. Suppose 0 = -13*q + 994 - 58. Suppose -5*u = 2*p - 58, -4*p - r*u + 4*u + q = 0. What are the prime factors of p?
19
Suppose 0 = -4*z - 5*s + 22, 4*z + 3*s = z + 15. What are the prime factors of 2/z*-9*-4?
2, 3
Let o = -8 + 7. Let g(t) = 97*t - 1. Let b(j) = -49*j. Let z(l) = 5*b(l) + 2*g(l). What are the prime factors of z(o)?
7
Suppose 107 = -3*n + 32. Let v = n - -157. List the prime factors of v.
2, 3, 11
Let s(g) = -g**3 - 3*g**2 - 3*g - 2. Let x be s(-1). Suppose 2*k - 9 = 1. Let o = k + x. What are the prime factors of o?
2
Suppose 5*u + 6 = 21. Suppose -u*t + 41 + 4 = 0. List the prime factors of -10*(39/t - 3).
2
Let q be 24/(-3)*(-2)/4. Let o(w) = w - 6*w - q + 7*w. What are the prime factors of o(5)?
2, 3
Let i(j) = j**3 - 5*j**2 + j + 144. What are the prime factors of i(12)?
2, 3, 97
Suppose -2*r + 7*r - 35 = 0. Let b(a) = -7 - 5*a - 7*a + 17*a - 2*a. What are the prime factors of b(r)?
2, 7
Let c(y) = 128*y + 96. What are the prime factors of c(8)?
2, 5, 7
Let w(z) = z**3 + 9*z**2 + 8*z - 1. Let o be w(-8). Let i be (o + 33)*1/(-2). List the prime factors of (3 - 9)/(3/i).
2
Suppose 0*y - 12 = -2*y. Suppose 6 = 3*w - y. Suppose -4*o = -c + w*c - 36, 0 = -3*o - 5*c + 16. List the prime factors of o.
2, 3
Let c(d) = d**3 + 3*d**2 + 4*d + 3. Let i be c(-2). Let y be (2 - 3)/(i/(-1)). List the prime factors of -2 + 13 + y + -1.
3
Let c(m) = m**3 + 18*m**2 - 2*m + 45. What are the prime factors of c(-17)?
2, 23
Let q(f) = -3*f**2 + 10*f - 7. Let x(m) = 7*m**2 - 20*m + 14. Let c(p) = -5*q(p) - 2*x(p). Let t be c(6). Let o = t + 39. What are the prime factors of o?
2, 11
Let m(n) = -n**3 + 3*n**2 + n. Suppose 5 = 3*g - 3*a - 4, -4*g + 12 = a. Let v be m(g). What are the prime factors of 272/24 + 2/v?
2, 3
Let j(f) = -f**3 + 3*f**2 + 5*f + 6. List the prime factors of j(4).
2, 5
Let r = 181 - 151. List the prime factors of r.
2, 3, 5
Suppose j - 384 = -2*n, 5*j - 396 = -2*n + 7*j. What are the prime factors of n?
2, 97
Suppose -6 + 3 = -r. Suppose 3 = r*b + 3*k - 3, -k - 1 = 0. Suppose b*v - t = 129, 3*v = v - 5*t + 103. What are the prime factors of v?
2, 11
Suppose 97*v - 310287 + 6095 = 0. What are the prime factors of v?
2, 7
Suppose -28 = 10*q - 78. Suppose -q*o = -48 - 152.